 - ((-27)/(-36))/((-6)/(-8)).
0
Suppose 13*p = 19*p. Suppose 8*j - 14*j + 126 = p. What is the remainder when 60 is divided by j?
18
Suppose 5 = -2*f + 35. Suppose -4790*s + 4785*s + 890 = 0. What is the remainder when s is divided by f?
13
Suppose -81623 = -76*m + 45373. Calculate the remainder when m is divided by 31.
28
Let r(g) = 2*g**2 + 189*g - 369. Calculate the remainder when 5827 is divided by r(2).
13
Let f be (52/4 + -7)/((-6)/(-32)). Suppose 96 = 3*l - 4*s, -l - 3*s + 13 = -f. Calculate the remainder when 128 is divided by l.
20
Calculate the remainder when -48 + 51 - (-1140)/4 is divided by 60.
48
Let j = 151 + -146. Suppose -2*r = -r + x - 286, -2*r = j*x - 575. Calculate the remainder when r is divided by 32.
29
Let m(y) = -55*y - 633. Calculate the remainder when 1721 is divided by m(-13).
81
Let n be (-1 - -1)/(1*2/1). Suppose 14*w - w - 13 = n. What is the remainder when 129 - (w + -2 + -1) is divided by 44?
43
Suppose 0 = 3*f - 12 + 18, 37 = n - 4*f. Calculate the remainder when 347 is divided by n.
28
What is the remainder when (-473)/77 + 6 - (-10166)/14 - -2 is divided by 27?
26
Suppose -59*u + 2*u + 44298 = 50*u. Calculate the remainder when u is divided by 163.
88
Suppose 4*r - 20 = -5*b - 8, 0 = 3*r - 4*b - 40. Let h(o) = 8*o**2 + 18*o - 5. Calculate the remainder when h(-4) is divided by r.
3
Suppose 11*o + 117 = 10*o. Let f = o - -226. Let y = f - 81. What is the remainder when 51 is divided by y?
23
Let i = 8 + -6. Suppose 0 = -i*v + 2*k - 11 + 39, 2 = -2*k. What is the remainder when 126 is divided by v?
9
Suppose -116 = -377*d + 373*d. Suppose 840 = d*q - 21*q. Calculate the remainder when q is divided by 36.
33
Suppose -10*d + 768 = 218. Calculate the remainder when 318 is divided by d.
43
Suppose 70*t = 23*t + 5734. What is the remainder when 240 is divided by t?
118
Let i = 586 + 193. Calculate the remainder when i is divided by 42.
23
Let f be -2*1*(28 - -5 - 4). Let u = f - -62. Let i(x) = -x**3 + 6*x**2 - 4*x - 2. What is the remainder when 27 is divided by i(u)?
13
Let v(d) = -d**2 + 19*d + 27. Let b(y) = 8*y**3 - 3*y**2 + 3*y - 5. Let j be ((-15)/(-10))/((-6)/(-8)). Calculate the remainder when b(j) is divided by v(20).
4
Let n(i) = 24*i - 413. Let t be n(18). Suppose t*x + 9*x - 4536 = 0. Calculate the remainder when x is divided by 14.
8
Let u = 66 + 31. Suppose 0 = -g - 4*c - 11 + 35, 0 = -5*g - c + 101. What is the remainder when u is divided by g?
17
Let w = 16 + 20. Let k be 2*w/16*(-2)/3. Calculate the remainder when (4 - (-21)/(-2))/(k/18) is divided by 10.
9
Let v = -1430 - -2032. What is the remainder when 370 is divided by 13072/v + (-18)/(-14) + -1?
18
Suppose -9*p - 4*q = -6*p - 96, -4*q + 60 = 2*p. Suppose 5*t - 204 - p = 5*y, 0 = t - 3*y - 50. Calculate the remainder when 422 is divided by t.
46
Let b(g) = -2*g**2 + 18*g + 172. Let a be b(17). Calculate the remainder when ((-75)/a)/((-2)/(-392)) is divided by 27.
12
Suppose 988 = 4*x - 3*b, 530 = 2*x + 18*b - 15*b. Let p = 28 - 13. What is the remainder when x is divided by p?
13
Suppose -2*b = -2*o + 3838, 17*o = 12*o + 3*b + 9593. Calculate the remainder when o is divided by 47.
38
Let z be ((-924)/55)/(-14)*(-5 + 0). Let b(i) = i + 20. Calculate the remainder when 220 is divided by b(z).
10
Let m = 75 + -74. Let n = 18 - 2. Calculate the remainder when ((-295)/(-20))/(m/4) is divided by n.
11
Suppose -4*z + 193 = -c, -3*z + 112 = -5*c - 37. Calculate the remainder when -1 - (-1 + -7 + 2) is divided by (z/(-120))/((-2)/20).
1
Let z(h) = -9 + 4*h - 37 + 6. Let s be z(11). Suppose 106 = g - s*y, -y + 112 = 3*g - 180. What is the remainder when g is divided by 9?
8
Let c = 41214 + -37054. What is the remainder when 12483 is divided by c?
3
Suppose 16*y + 60 = 2*u + 20*y, y = -5*u + 132. Calculate the remainder when 86 is divided by u.
8
Calculate the remainder when 490/(-3)*90/(-25) is divided by 189.
21
Suppose 4*l - 2*l - 411 - 173 = 0. Calculate the remainder when l is divided by 126.
40
What is the remainder when 790 is divided by 77 + (((-4)/(-12))/((-1)/18) - 0)?
9
What is the remainder when 12 - -54*(-4)/(-6) is divided by 29?
19
Let q(h) = 7*h - 24. Suppose 3*i - 38 = -x, -4*i + 34 = x - 5. What is the remainder when x is divided by q(4)?
3
Let i be (-8 - -7)/(545/110 + -5). Let f = -10 + i. What is the remainder when 43 is divided by f?
7
Let s be 0 + 30/(-5) + 74. Suppose -3*r - 118 - 56 = 0. Let l = s + r. What is the remainder when 37 is divided by l?
7
Let w = -27792 - -28286. What is the remainder when w is divided by 228?
38
Suppose 2*z = 40 + 44. Let j(t) = 24*t - 561. Calculate the remainder when z is divided by j(24).
12
Suppose -3*j + 611 = 4*u, -15*u + 619 = 3*j - 13*u. What is the remainder when j is divided by 55?
44
Suppose -396 = 1014*j - 1026*j. Calculate the remainder when 731 is divided by j.
5
Let w(s) = 44*s**2 + 13*s - 1. What is the remainder when w(3) is divided by 26?
18
Suppose -4*n + 43*p + 948 = 45*p, 5*n + 8*p = 1152. What is the remainder when 477 is divided by n?
237
What is the remainder when (-97)/(-582) - (-4209)/18 is divided by 110?
14
Suppose 0 = 3*y, 3 = -3*g - y + 9. Suppose 3*d + g*s = 62, -2*s - 42 - 16 = -2*d. What is the remainder when 89 is divided by d?
17
Let v = 485 + -311. Suppose 22*k - 51*w - 143 = -46*w, -2*k + 4*w + 52 = 0. What is the remainder when v is divided by k?
2
Let u be -71 + 68 - (13*-3 + 0). Suppose -5*q + 4*o = -q - u, 12 = 4*q + 2*o. Calculate the remainder when 11 is divided by q.
1
Let g = 157 + -155. Suppose 2*v = -3*a - g*a + 121, a = 3*v + 31. What is the remainder when a is divided by 9?
7
Suppose -m + 1773 = 4*f, 5*m + 47*f - 8755 = 49*f. Calculate the remainder when m is divided by 13.
11
Suppose -3*o - 21 = 0, -4*o + 71 = 2*g - 21. Calculate the remainder when 101 is divided by g.
41
Let o be 7/((-147)/(-14072)) + (-24)/252. Let x = o - 576. Calculate the remainder when x is divided by 22.
6
Suppose -68*h - 44*h = -147*h - 2485. Let v(s) = -7*s**3 + 2*s**2 - 2*s + 3. Let z be v(2). Let u = z - h. What is the remainder when u is divided by 5?
2
Let d = 463 + 2600. What is the remainder when d is divided by 21?
18
Suppose -5*k + 19 = 2*w - 8, k = 1. What is the remainder when 38 is divided by 1 - -18 - (w - 16)?
14
Let w = 138728 - 138673. Let c be (-4)/(-2) + -9 + -2. What is the remainder when w is divided by 87/c*(-1 + -2)?
26
Let l(v) = v**3 - 24*v**2 + 46. Let d = 3419 - 3409. Calculate the remainder when l(24) is divided by d.
6
Suppose 0 = -4*i - 31 + 151. Suppose 5*o = 80 - i. Let k = 649 + -630. Calculate the remainder when k is divided by o.
9
Suppose 7*h + 12 = 5*h - 5*t, 0 = -2*h - 2*t - 6. Calculate the remainder when (-8)/(-6)*3*6 is divided by (4 - h)*80/25.
8
Let l(y) = -2*y**3 - 7*y**2 - 12*y - 18. Calculate the remainder when l(-4) is divided by 25.
21
Suppose f + 5*w - 75 = 0, 2*f - 4*w = 3*f - 84. Calculate the remainder when 4194 is divided by f.
114
Suppose l - 70 - 388 = 0. Suppose -a = -2*d + 136, -3*a = -5*d + 302 + 40. What is the remainder when l is divided by d?
62
Suppose -4*j + 5*d + 143 = 0, -3*j + 8*d + 93 = 9*d. Let a = j - 8. Calculate the remainder when a is divided by ((-3168)/52)/(-6) + (-4)/26.
4
Let w = 26 + -4. Suppose -4*z + 5*a = -w + 6, 23 = 3*z - a. Calculate the remainder when (1581/62)/((-1)/((-8)/6)) is divided by z.
7
Suppose 2*o - 12 = 2*t, 0 = o - 14*t + 9*t - 14. Suppose 0*f + o*f = 4, 5*b - 2*f - 78 = 0. What is the remainder when 27 is divided by b?
11
Suppose 7*z = -73 + 220. Let s = 36 + 89. Calculate the remainder when s is divided by z.
20
Suppose o - 31 = -n, o = -0*o - 4*n + 37. Let p(j) = -19*j - 3. Let x be p(-1). Calculate the remainder when 836/16 - 4/x is divided by o.
23
Suppose 17352 - 2610 = 14*i. Calculate the remainder when i is divided by 44.
41
Let k = 57 + -20. What is the remainder when -1 + (-1)/(-3)*-12 - -1*149 is divided by k?
33
What is the remainder when 348*(4 + -11 + (-248)/(-24)) is divided by 378?
26
Suppose -99*b + 5*c = -98*b - 46, 0 = -3*b - c + 42. What is the remainder when 1663 is divided by b?
15
Suppose -6712 = -209*f - 1278. Calculate the remainder when 949 is divided by f.
13
Suppose 50*g = 54*g - 56. Suppose g*m - 563 = -73. What is the remainder when 133 is divided